{"id":346,"date":"2013-09-08T19:40:41","date_gmt":"2013-09-08T18:40:41","guid":{"rendered":"http:\/\/www.henriettevanthoog.eu\/?page_id=346"},"modified":"2026-03-06T13:45:26","modified_gmt":"2026-03-06T12:45:26","slug":"cv","status":"publish","type":"page","link":"https:\/\/www.henriettevanthoog.eu\/?page_id=346","title":{"rendered":"C.v."},"content":{"rendered":"<div id=\"attachment_46\" style=\"width: 310px\" class=\"wp-caption alignright\"><a href=\"https:\/\/www.henriettevanthoog.eu\/wp-content\/uploads\/Studio-overview.jpg\"><img loading=\"lazy\" decoding=\"async\" aria-describedby=\"caption-attachment-46\" src=\"https:\/\/www.henriettevanthoog.eu\/wp-content\/uploads\/Studio-overview-225x300.jpg\" alt=\"Studio overview\" class=\"size-medium wp-image-46\" width=\"300\" height=\"400\" srcset=\"https:\/\/www.henriettevanthoog.eu\/wp-content\/uploads\/Studio-overview-225x300.jpg 225w, https:\/\/www.henriettevanthoog.eu\/wp-content\/uploads\/Studio-overview-768x1024.jpg 768w, https:\/\/www.henriettevanthoog.eu\/wp-content\/uploads\/Studio-overview.jpg 1050w\" sizes=\"(max-width: 300px) 100vw, 300px\" \/><\/a><p id=\"caption-attachment-46\" class=\"wp-caption-text\">Studio overview<\/p><\/div>\n<p><nobr>Born Amsterdam, 1943<\/nobr><br \/>\nLives and works in  Amsterdam, <nobr>The Netherlands<\/nobr><\/p>\n<p>&nbsp;<br \/>\n<big><b>Lecturing<\/b><\/big><\/p>\n<p><strong>1996\u20132007<\/strong><br \/>\n\u2013 Visiting lecturer at the Faculty of Art and Design of the University of Hertfordshire, Hatfield (GB)<\/p>\n<p><strong>1993\u20131997<\/strong><br \/>\n\u2013 Lecturer at the Gerrit Rietveld Academie, Amsterdam (NL)<\/p>\n<p><strong>1981\u20132000<\/strong><br \/>\n\u2013 Lecturer at Academie Minerva, Groningen (NL)<\/p>\n<p>&nbsp;<br \/>\n<big><b>Cooperations<\/b><\/big><\/p>\n<p><strong>2006\u2013now<\/strong><br \/>\n\u2013 Cooperation with the British photographer Michael Wright, under the name Wright &amp; Van \u2019t Hoog<\/p>\n<p><strong>2022\u2013now<\/strong><br \/>\n\u2013 Cooperation with the Dutch videomaker Anneke Bosma, under the name HoBo<\/p>\n<p>&nbsp;<br \/>\n<big><b>Recent solo, duo and trio exhibitions<\/b><\/big><\/p>\n<p><strong>2026<\/strong><br \/>\n\u2013 <em>Like Minds \/ Abstract Investigations<\/em>, Prototype Gallery, Amsterdam (NL), with Sibylle Gr\u00f6ne<\/p>\n<p><strong>2023<\/strong><br \/>\n\u2013 <em>Firmament<\/em>, Phlox, Huins (NL)<br \/>\n\u2013 Prinsengracht 575, Amsterdam (NL), with Friede Witzenhausen<\/p>\n<p><strong>2021<\/strong><br \/>\n\u2013 <em>Tonalities. Henri\u00ebtte van \u2019t Hoog with Friends<\/em>, Galerie van den Berge, Goes (NL)<\/p>\n<p><strong>2020\u20132021<\/strong><br \/>\n\u2013 <em>Equilibrium<\/em>, Mondriaanhuis, Amersfoort (NL), with Elise van der Linden<\/p>\n<p><strong>2019<\/strong><br \/>\n\u2013 <em>Inner Glow<\/em>, Reuten Galerie, Amsterdam (NL)<\/p>\n<p><strong>2018<\/strong><br \/>\n\u2013 Artvark, Castellvm Aqvae, Bloemendaal (NL), with Lenneke van der Goot<\/p>\n<p><strong>2017<\/strong><br \/>\n\u2013 Concrete, Amsterdam (NL)<br \/>\n\u2013 Wright &amp; Van \u2019t Hoog, <em>Perspectives on Space<\/em>, LaKaserna, Bad Nieuweschans (NL), with Mar\u00eda Jos\u00e9 Ram\u00edrez Ram\u00edrez<\/p>\n<p><strong>2015<\/strong><br \/>\n\u2013 <em>What Meets The Eye<\/em>, Anningahof, Zwolle (NL), with Annemie Bogaerts<br \/>\n\u2013 Wright &amp; Van \u2019t Hoog, <em>Dazzle 2<\/em>, Reuten Galerie, Amsterdam (NL)<\/p>\n<p><strong>2014<\/strong><br \/>\n\u2013 Wright &amp; Van \u2019t Hoog, <em>Dazzle<\/em>, Centrum Beeldende Kunst, Emmen (NL)<\/p>\n<p><strong>2012<\/strong><br \/>\n\u2013 <em>Cubes<\/em>, SNO Contemporary Art Projects, Sydney (AU)<br \/>\n\u2013 Galerie Van den Berge, Goes (NL), with Sybille Pattscheck and Freddie Michael Soethout<\/p>\n<p><strong>2011<\/strong><br \/>\n\u2013 <em>Raakvlakken<\/em>, Le Petit Port, Leiden (NL), with Richard van der Aa and Guido Winkler<\/p>\n<p><strong>2010<\/strong><br \/>\n\u2013 <em>Lumen #2<\/em>, Kunstruimte 09, Groningen (NL), with Thomas Bakker<br \/>\n\u2013 Wright &amp; Van \u2019t Hoog, <em>The Reflective Gaze<\/em>, Reuten Galerie, Amsterdam (NL)<br \/>\n\u2013 <i>Luminous<\/i>, PEK, Eindhoven (NL), with Jos\u00e9 Heerkens<\/p>\n<p><strong>2009<\/strong><br \/>\n\u2013 <i>Personal Space<\/i>, ParisCONCRET, Paris (FR), with Brent Hallard and Richard Roth<br \/>\n\u2013 <i>Formeel # 3<\/i>, Museum Waterland, Purmerend (NL), with Sander Boeijink and Sanne Bruggink<\/p>\n<p><strong>2007<\/strong><br \/>\n\u2013 Suzanne Biederberg Gallery, Amsterdam (NL)<\/p>\n<p><strong>2006<\/strong><br \/>\n\u2013 Wright &amp; Van \u2019t Hoog, <i>Photographic Cabinets, <\/i>Art and Design Gallery, University of Hertfordshire, Hatfield (GB)<\/p>\n<p>&nbsp;<br \/>\n<big><strong>Recent group exhibitions<\/strong><\/big><\/p>\n<p><strong>2025\u20132026<\/strong><br \/>\n\u2013 <em>VDHP Video Biennial<\/em>, Amsterdam (NL)<\/p>\n<p><strong>2025<\/strong><br \/>\n\u2013 <em>The Final Show<\/em>, Galerie van den Berge, Goes (NL)<br \/>\n\u2013 <em>8th International Biennale of Non Objective Arts<\/em>, EST, Leiden (NL)<br \/>\n\u2013 <em>Rhythm Section im K\u00f6\u015fk<\/em>, Munich (DE)<br \/>\n\u2013 <em>Ausstellung 3<\/em>, Verein f\u00fcr aktuelle Kunst, Oberhausen (DE)<br \/>\n\u2013 <em>10 out of 10<\/em>, Galerie van den Berge, Goes (NL)<\/p>\n<p><strong>2024\u20132025<\/strong><br \/>\n\u2013 <em>Focus: The Netherlands<\/em>, nonsofia, Sofia (BG)<\/p>\n<p><strong>2024<\/strong><br \/>\n\u2013 Blend: Art The Hague 2024 (NL)<br \/>\n\u2013 Blend: Art Noord VI, Museum Belv\u00e9d\u00e8re, Oranjewoud (NL)<br \/>\n\u2013 Museum of Contemporary Art of Ukraine, Kiev (UA)<br \/>\n\u2013 <em>LOOP<\/em>, moving images by members of Rhythm Section and guests, WIHH Gallery, Amsterdam (NL)<br \/>\n\u2013 <em>Changer<\/em> 3+4, Galerie van den Berge, Goes (NL)<\/p>\n<p><strong>2023<\/strong><br \/>\n\u2013 <em>Wandering in Silence<\/em>, Rhythm Section, Platforms Project, Athens (GR)<br \/>\n\u2013 Galerie van den Berge, Goes (NL)<br \/>\n\u2013 <em>Bewegung und Zeit<\/em>, Rhythm Section, Gisela \u2013 Freier Kunstraum, Berlin (DE)<br \/>\n\u2013 <em>RCE + EST: when concrete, minimal and media art come together<\/em>, EST art foundation, Leiden (NL)<br \/>\n\u2013 <em>1 5 2 3 8<\/em>, Rhythm Section, Kunstverein Augsburg, Augsburg (DE)<br \/>\n\u2013 <em>Hydrography VIII<\/em>, Visserhallen, IJmuiden (NL)<br \/>\n\u2013 <em>Pays-Bas, l\u2019autre pays des beaux-arts<\/em>, Centre d\u2019art contemporain, Meymac (FR)<br \/>\n\u2013 Galerie van den Berge: Art Rotterdam 2023 (NL)<br \/>\n\u2013 <em>TransFORmatie<\/em>, Kunsthuis Waterland, Purmerend (NL)<\/p>\n<p><strong>2022<\/strong><br \/>\n\u2013 Galerie van den Berge: Art Rotterdam 2022 (NL)<\/p>\n<p><strong>2021\u20132022<\/strong><br \/>\n\u2013 <em>Through the looking glass<\/em>, EST art foundation, Leiden (NL)<\/p>\n<p><strong>2021<\/strong><br \/>\n\u2013 <em>Ambiguous Unambiguous<\/em>, Rhythm Section, Platforms Project, Athens (GR)<br \/>\n\u2013 <em>Zomersalon 2021<\/em>, What Is Happening Here Gallery, Amsterdam (NL)<\/p>\n<p><strong>2020<\/strong><br \/>\n\u2013 <em>Painting vs Image<\/em>, Rhythm Section, Kar\u015f\u0131 Sanat \u00c7al\u0131\u015fmalar\u0131, Istanbul (TR)<\/p>\n<p><strong>2019<\/strong><br \/>\n\u2013 <em>Eagle Dragon Rhythm Section<\/em>, Reuten Galerie, Amsterdam (NL)<br \/>\n\u2013 <em>LINK<\/em>, SBK Kunstuitleen &amp; Galerie, Amsterdam (NL)<br \/>\n\u2013 <em>ZomerSalon<\/em>, Reuten Galerie, Amsterdam (NL)<br \/>\n\u2013 <em>Hydrography VII<\/em>, Galerie Agnes Raben, Vorden (NL)<br \/>\n\u2013 <em>De Stijl and the Future. Between China and Europe<\/em>, Boxes Art Museum, Foshan (CH)<br \/>\n\u2013 <em>De Stijl and the Future. Between China and Europe<\/em>, United Art Museum, Wuhan (CH)<\/p>\n<p><strong>2018<\/strong><br \/>\n\u2013 <em>Concepts in Abstract Art<\/em>, Reuten Galerie, Amsterdam (NL)<br \/>\n\u2013 <em>Icons \\ Shift<\/em>, KNO Kyiv Non Objective | lab.space, Mikhail Bulgakow Museum, Kiev (UA)<br \/>\n\u2013 <em>Experience<\/em>, Rhythm Section, T\u00fcyap Fair Convention and Congress Center, Istanbul (TR)<br \/>\n\u2013 <em>Hydrography VI<\/em>, e9a \u2013 projectspace for abstract and minimal art, Freiburg (DE)<br \/>\n\u2013 Reuten Galerie: Art on Paper Amsterdam 2018 (NL)<br \/>\n\u2013 <em>Destill \u2013 A Survey of Contemporary Non-Objective Art<\/em>, Track One Silo Room, Nashville (US)<br \/>\n\u2013 <em>Van verhalend tot abstract<\/em>, Reuten Galerie, Amsterdam (NL)<br \/>\n\u2013 <em>Icons \\ W13<\/em>, KNO Kyiv Non Objective, Mikhail Bulgakow Museum, Kiev (UA)<br \/>\n\u2013 <em>Boogie Woogie Rhythm Section<\/em>, Reuten Galerie, Amsterdam (NL)<br \/>\n\u2013 <em>Vals Plat<\/em>, Kunstliefde \u2013 Ruimte voor Beeldende Kunst, Utrecht (NL)<br \/>\n\u2013 <em>The Main Addition<\/em>, Salon Salon, Rotterdam (NL)<br \/>\n\u2013 <em>10 jaar IS-projects<\/em>, Marktsteeg 10, Leiden (NL)<\/p>\n<p><strong>2017\u20132018<\/strong><br \/>\n\u2013 <em>Boogie Woogie Rhythm Section. 100 Years after De Stijl<\/em>, Karin Wimmer Contemporary Art, Munich (DE)<\/p>\n<p><strong>2017<\/strong><br \/>\n\u2013 <em>Utopia<\/em>, Rhythm Section, T\u00fcyap Fair Convention and Congress Center, Istanbul (TR)<br \/>\n\u2013 <em>Reductive Non Objective<\/em>, e9a \u2013 projectspace for abstract and minimal art, Freiburg (DE)<br \/>\n\u2013 The Invisible Line Gallery, London (UK)<br \/>\n\u2013 <em>Going Forward \u2013 100 Years after De Stijl<\/em>, A Gallery Named Sue, The Hague (NL)<br \/>\n\u2013 <em>100 Years after De Stijl<\/em>, Openlucht Museum De Lakenhal, Leiden (NL)<br \/>\n\u2013 <em>In Stijl<\/em>, Provinciehuis Noord-Holland, Haarlem (NL)<br \/>\n\u2013 <em>Abstract Wallpaintings III<\/em>, PHK 18, Rotterdam (NL)<br \/>\n\u2013 <em>In het licht van De Stijl<\/em>, Galerie LUMC, Leiden (NL)<br \/>\n\u2013 <em>OPPLER<\/em>, Transmitter, New York (US)<br \/>\n\u2013 <em>Auftakt. Rhythm Section im Schafhof<\/em>, Schafhof \u2013 Europ\u00e4isches K\u00fcnstlerhaus Oberbayern, Freising (DE)<br \/>\n\u2013 <em>Boogie Woogie Rhythm Section. Celebration of the Centennial of De Stijl<\/em>, Reuten Galerie, Amsterdam (NL)<\/p>\n<p><strong>2016\u20132017<\/strong><br \/>\n\u2013 <em>Verlicht MIJ<\/em>, Museum IJsselstein, IJsselstein (NL)<\/p>\n<p><strong>2016<\/strong><br \/>\n\u2013 <em>Boogie Woogie Rhythm Section. Een prelude op honderd jaar De Stijl<\/em>, Arti et Amicitiae, Amsterdam (NL)<br \/>\n\u2013 Reuten Galerie: Amsterdam Drawing Art Fair 2016 (NL)<br \/>\n\u2013 <em>Hydrography III<\/em>, LaKaserna, Bad Nieuweschans (NL)<\/p>\n<p><strong>2015<\/strong><br \/>\n\u2013 <em>Young Collectors<\/em>, IS-Projects, Leiden (NL)<br \/>\n\u2013 <em>Rhythm Section<\/em>, 4th Odessa Biennale of Contemporary Art, Odessa (UA)<br \/>\n\u2013 <em>Rhythm &amp; Method<\/em>, Galerie der K\u00fcnstler, Munich (DE)<br \/>\n\u2013 <em>Formeel 2015<\/em>, Museum Waterland, Purmerend (NL)<\/p>\n<p><strong>2014\u20132015<\/strong><br \/>\n\u2013 <em>Dahlhausen viral<\/em>, Kunstmuseum, Ahlen (DE)<\/p>\n<p><strong>2014<\/strong><br \/>\n\u2013 Reuten Galerie: Amsterdam Drawing Art Fair 2014 (NL)<br \/>\n\u2013 <em>Doppler Shift<\/em>, Visual Arts Center, New Jersey (US)<br \/>\n\u2013 <em>Rhythm Section<\/em>, Center for Contemporary Art, Tbilisi (GE)<br \/>\n\u2013 <em>Toujours simple<\/em>, ParisCONCRET, Paris (FR)<br \/>\n\u2013 <em>Beeld van een vereniging, 3<\/em>, Museum Waterland, Purmerend (NL)<br \/>\n\u2013 <em>Concreet nu<\/em>, Spazio Offices, Zoetermeer (NL)<br \/>\n\u2013 <em>Neon \u2013 Vom Leuchten der Kunst<\/em>, Stadtgalerie, Saarbr\u00fccken (DE)<br \/>\n\u2013 Reuten Galerie: Affordable Art Fair, Maastricht (NL)<br \/>\n\u2013 <em>Gegen die Wand<\/em>, LK44, Munich (DE)<br \/>\n\u2013 Reuten Galerie: Art Rotterdam 2014 (NL)<\/p>\n<p><strong>2013\u20132014<\/strong><br \/>\n\u2013 <em>Neon \u2013 Vom Leuchten der Kunst<\/em>, Museum f\u00fcr Konkrete Kunst, Ingolstadt (DE)<\/p>\n<p><strong>2013<\/strong><br \/>\n\u2013 Reuten Galerie: Amsterdam Drawing Art Fair 2013 (NL)<br \/>\n\u2013 <em>Light Conversation<\/em>, Key Projects, Long Island City, New York (US)<br \/>\n\u2013 <em>Doppler<\/em>, Parallel Art Space, Bushwick, New York (US)<br \/>\n\u2013 <em>Poste Concret<sup>2<\/sup><\/em>, ParisCONCRET, Paris (FR)<br \/>\n\u2013 <em>Rhythm and Method. Abstract Art in China and Germany<\/em>, Hubei Museum of Art, Wuhan (CN)<br \/>\n\u2013 <em>Hydrography II<\/em>, De Vishal, Haarlem (NL)<br \/>\n\u2013 <em>Flat Colour<\/em>, ParisCONCRET, Paris (FR)<br \/>\n\u2013 <em>Point of Interest<\/em>, Galerie Lindner, Vienna (AT)<br \/>\n\u2013 Supermarket Independent Art Fair, Kunsthuset, Stockholm (SE)<\/p>\n<p><strong>2012\u20132013<\/strong><br \/>\n\u2013 <em>Space, Expanding<\/em>, Galerie Hein Elferink, Staphorst (NL)<\/p>\n<p><strong>2012<\/strong><br \/>\n\u2013 Reuten Galerie: Amsterdam Drawing Art Fair 2012 (NL)<br \/>\n\u2013 <i>FutureShock OneTwo<\/i>, galerie dr. julius | ap, Berlin (DE)<br \/>\n\u2013 <i>Island of Order in a Sea of Chaos<\/i>, De Vishal, Haarlem (NL)<\/p>\n<p><strong>2011<\/strong><br \/>\n\u2013 <i>A Romance of Many Dimensions<\/i>, Brooklyn Artists GYM, New York (US)<br \/>\n\u2013 <i>Rhythm Section trifft TADA in Berg<\/i>, Berg near Munich (DE)<br \/>\n\u2013 <i>Sugar Mountain<\/i>, Galerie Van den Berge, Goes (NL)<br \/>\n\u2013 Wright &amp; Van \u2019t Hoog, <i>Kijker in Beeld<\/i>, Pulchri Studio, The Hague (NL)<br \/>\n\u2013 Reuten Galerie: Art Amsterdam 2011 (NL)<br \/>\n\u2013 <i>Recent Movements in Non-Objective Art<\/i>, ParisCONCRET \/ Reuten Galerie, Amsterdam (NL)<br \/>\n\u2013 <i>Retour aux Bases \/ Back to Basics<\/i>, Festival International d\u2019Art Non-Objectif, Pont de Claix, Grenoble (FR)<\/p>\n<p><strong>2010<\/strong><br \/>\n\u2013 <i>Touch<\/i>, ParisCONCRET, Paris (FR)<br \/>\n\u2013 <i>Rekkelijken en preciezen<\/i>, Kadmium, Delft (NL)<br \/>\n\u2013 <i>IS-Projects at SNO<\/i>, SNO Contemporary Art Projects, Sydney (AU)<br \/>\n\u2013 Reuten Galerie: Art Amsterdam 2010 (NL)<br \/>\n\u2013 <i>Folk #2, Assemblage #4<\/i>, SNO Contemporary Art Projects, Sydney (AU)<\/p>\n<p><strong>2009\u20132010<\/strong><br \/>\n\u2013 <i>Editionen aus Deutschland, den Niederlanden und der Schweiz<\/i>, Gesellschaft f\u00fcr Kunst und Gestaltung, Bonn (DE)<\/p>\n<p><strong>2009<\/strong><br \/>\n\u2013 <i>Rashomon<\/i>, Le Petit Port, Leiden (NL)<br \/>\n\u2013 <i>Quantumvis V<\/i>, RC de Ruimte, IJmuiden (NL)<\/p>\n<p><strong>2008<\/strong><br \/>\n\u2013 <i>Gegenstandslos<\/i>, Gesellschaft f\u00fcr Kunst und Gestaltung, Bonn (DE)<br \/>\n\u2013 <i>The Speed of Colour<\/i>, IS-Projects, Leiden (NL)<\/p>\n<p>&nbsp;<br \/>\n<big><b>Projects<\/b><\/big><\/p>\n<p><strong>2016<\/strong><br \/>\n\u2013 <em>Wave<\/em>, artwork in parking garage P3 at Schiphol Airport, Amsterdam (NL)<\/p>\n<p><strong>2015<\/strong><br \/>\n\u2013 <i>Wedge (multiple) I<\/i>, multiple for Young Collectors, available at <a href=\"http:\/\/www.youngcollectors.de\" target=\"_blank\" rel=\"noopener noreferrer\">www.youngcollectors.de<\/a><\/p>\n<p><strong>2012<\/strong><br \/>\n\u2013 <i>Dawn<\/i>, multiple for Edition Norm, Berlin (DE)<\/p>\n<p><strong>2010<\/strong><br \/>\n\u2013 Multiple, print, in cooperation with IS-Projects for SNO Contemporary Art Projects, Sydney (AU)<\/p>\n<p><strong>2009<\/strong><br \/>\n\u2013 <i>Fa\u00e7ade<\/i>, wall painting, in Leiden (NL), with Guido Winkler<br \/>\n\u2013 Participation in <i>Collective Monochrome 19<\/i>, a project of Billy Gruner, Scheltema Complex, Leiden (NL)<\/p>\n<p><strong>2008<\/strong><br \/>\n\u2013 Multiple, print (popup), contribution to <i>The Speed of Colour<\/i>, IS Editions, Leiden (NL)<\/p>\n","protected":false},"excerpt":{"rendered":"<p>Born Amsterdam, 1943 Lives and works in Amsterdam, The Netherlands &nbsp; Lecturing 1996\u20132007 \u2013 Visiting lecturer at the Faculty of Art and Design of the University of Hertfordshire, Hatfield (GB) 1993\u20131997 \u2013 Lecturer at the Gerrit Rietveld Academie, Amsterdam (NL) 1981\u20132000 \u2013 Lecturer at Academie Minerva, Groningen (NL) &nbsp; Cooperations 2006\u2013now \u2013 Cooperation with the [&hellip;]<\/p>\n","protected":false},"author":1,"featured_media":0,"parent":0,"menu_order":0,"comment_status":"closed","ping_status":"closed","template":"","meta":{"footnotes":""},"class_list":["post-346","page","type-page","status-publish","hentry"],"_links":{"self":[{"href":"https:\/\/www.henriettevanthoog.eu\/index.php?rest_route=\/wp\/v2\/pages\/346"}],"collection":[{"href":"https:\/\/www.henriettevanthoog.eu\/index.php?rest_route=\/wp\/v2\/pages"}],"about":[{"href":"https:\/\/www.henriettevanthoog.eu\/index.php?rest_route=\/wp\/v2\/types\/page"}],"author":[{"embeddable":true,"href":"https:\/\/www.henriettevanthoog.eu\/index.php?rest_route=\/wp\/v2\/users\/1"}],"replies":[{"embeddable":true,"href":"https:\/\/www.henriettevanthoog.eu\/index.php?rest_route=%2Fwp%2Fv2%2Fcomments&post=346"}],"version-history":[{"count":114,"href":"https:\/\/www.henriettevanthoog.eu\/index.php?rest_route=\/wp\/v2\/pages\/346\/revisions"}],"predecessor-version":[{"id":3480,"href":"https:\/\/www.henriettevanthoog.eu\/index.php?rest_route=\/wp\/v2\/pages\/346\/revisions\/3480"}],"wp:attachment":[{"href":"https:\/\/www.henriettevanthoog.eu\/index.php?rest_route=%2Fwp%2Fv2%2Fmedia&parent=346"}],"curies":[{"name":"wp","href":"https:\/\/api.w.org\/{rel}","templated":true}]}}